et f(a) = -113*a - 1777. What is the thousands digit of f(-114)?
1
Suppose j = 5*g - 21, 3*g - 5*j = 2 + 15. Suppose -12*f + 5300 = -8*f - g*l, -l = 0. What is the hundreds digit of f?
3
Let v be 5/10 + (0 - 21/(-6)). Let o(q) = 28*q + 14 - 5*q**2 + v*q**2 + 14 - 3. What is the units digit of o(26)?
7
What is the hundreds digit of 34454/35 + 9/15?
9
What is the units digit of (-45 - 1/1)/((-422037)/18348 - -23)?
6
Suppose 89*h + 41*h - 518606 - 818574 = 0. What is the ten thousands digit of h?
1
Let j(i) = -200*i - 456. What is the thousands digit of j(-28)?
5
Let g(o) = -4*o**3 + 9*o + 10. What is the units digit of g(-12)?
4
Let k be 6/(-3*(-4 - -5) - -2). What is the hundreds digit of (-34203)/(-143) - k/(-33)?
2
Suppose 0 = -0*y - 3*y - 15, 0 = w + 2*y - 1. Suppose w*s + 473 = -0*s. Let b = -37 - s. What is the units digit of b?
6
Let z = -217 + 220. Let d = 11 - 7. Suppose d*k = p + 47, 39 = z*k - 2*p - 0*p. What is the units digit of k?
1
Let j = -178 + 178. Suppose j = 3*r - 259 - 116. What is the hundreds digit of r?
1
Suppose -2*p = -12 + 6. Suppose -p*g = 5*x - 196, -x + 4*g = -47 - 6. What is the tens digit of x?
4
Suppose -3*n = 6*q - 3*q - 9, 5*n - 3*q + 1 = 0. Suppose 4*k = -5*i - n + 36, 0 = -3*k + 2*i + 9. What is the units digit of k?
5
Suppose 0 = 4*d - 3*d - 1, 0 = o + 4*d + 56. Let i be 500/o + 1/3. What is the tens digit of (108/(-21))/(i/28)?
1
What is the hundreds digit of (5/3)/(((-2115)/629829)/(-47))?
3
Let b(w) = 21*w**2 - 7*w + 12. Let g be b(3). Let p = g + -58. What is the tens digit of p?
2
Let u = -131 + 150. Let z(f) = 23*f - 58. What is the units digit of z(u)?
9
Suppose -40*i + 18553 - 677433 = 0. What is the units digit of 4/6 + i/(-24) - 4?
3
Let y be (1204/10)/2 + 1/(-5). Suppose -2*n = 3*d - 756, 0 = n - 5*d - 318 - y. What is the units digit of n?
8
Let q = -3236 - -7122. What is the units digit of q?
6
Let h = 8330 - 360. What is the thousands digit of h?
7
Let n be 1/((2 - -3) + -4)*7. What is the tens digit of n - 3 - -808 - (2 - 2)?
1
Let j(d) = -d**3 + 8*d**2 + 7*d - 33. Let t be j(8). Suppose 0 = a - l + 26, 2*l = 3*a + 53 + t. What is the units digit of 7 - (104/a + 1/3)?
1
Let f be -1 + 798 + 3/1. Suppose 11*i = f + 4557. What is the units digit of i?
7
Suppose 5*b - i - 4137 = 0, 16*i + 4133 = 5*b + 17*i. Let c = 49 + b. What is the tens digit of c?
7
Suppose -3*u = 4*m - 49539, 14392 = -5*m + 4*u + 76308. What is the tens digit of m?
8
Suppose -13*y + 158267 - 6596 = 0. What is the ten thousands digit of y?
1
Let i be (18/24)/((-2)/10192 + 0). What is the hundreds digit of -7*(6/(-27) - i/(-54))?
4
Suppose -v + 3*v - 88 = 2*x, 0 = -x + 3. Let y = v - 45. Suppose a - 2*o - 113 = 2*o, a + y*o - 101 = 0. What is the units digit of a?
5
Suppose -n + 2 - 7 = y, 8 = -4*n. What is the units digit of (2/(-4)*18 - 2)*y?
3
Let p be 5/((-5)/(-12))*15/30. Suppose -p*g + 9*g - 675 = 0. What is the hundreds digit of g?
2
Suppose -20*u = 9*u - 27956. Suppose -969*t + 2885 = -u*t. What is the units digit of t?
7
Let u(o) = -o + 8. Suppose -4*y + 8*y = 24. Let k be u(y). Suppose k*g - 228 = -2*g. What is the tens digit of g?
5
Let h(r) = 21*r**3 + 9*r**2 + 4*r - 13*r**3 - 13 - 2*r - 9*r**3. Let b be h(9). What is the units digit of (-159)/(-3) - 0/b?
3
Let x be -5 - (-51 + (4 - 5)). What is the units digit of x/(-1)*(-21 - -17)?
8
Suppose -2*p + 5*p = 3*d - 21, -4*p - 16 = -d. Let z be ((-4)/p)/((-1)/(-3)). Suppose 38 = z*h - 142. What is the tens digit of h?
4
Let f = -3815 - -8345. What is the hundreds digit of f?
5
Suppose -2*h = 0, -233*h + 229*h = 4*s - 15792. What is the tens digit of s?
4
Let t(q) = 2*q + 22. Let n be t(-14). Let g be (-3 - 13)/(n/36). What is the tens digit of -6*(-8)/g - (-614)/4?
5
Suppose 15*w - 127 = 23. Suppose -5*d + w = i - 4*d, 0 = -4*i - 5*d + 39. Suppose 2123 - 638 = i*s. What is the tens digit of s?
3
Suppose 9 = 3*m, -4*d - 10*m = -11*m + 935. Let l = d - -785. What is the hundreds digit of l?
5
Suppose 6*v = 4*v + 154. Suppose -3*r + v = -307. Let a = r - 73. What is the tens digit of a?
5
Suppose 5*f - 52 = h, 0 = f - 0*f - h - 12. Let w be 4/(-10) - (-34)/f. Suppose w*u - 566 = -4*s, -u - 1 = 1. What is the tens digit of s?
4
Suppose -22*r + 85 = -3457. Let d = r - -61. What is the tens digit of d?
2
Let l = 68 - -33. Let a = l + 0. What is the tens digit of a?
0
Let m(a) = a**3 + a**2 - 12*a. Suppose -14 = -2*r + 2*h, 4*r - h - 9 - 16 = 0. What is the tens digit of m(r)?
8
Suppose 3*p + 9*p = -20364. Let o = -823 - p. What is the hundreds digit of o?
8
Let t = -23 + 24. Suppose 5 = -u + t. What is the tens digit of (38/(-3) - u)/((-2)/18)?
7
What is the hundreds digit of (-339455)/(-30) + (-140)/(-168)?
3
What is the hundreds digit of 36/4 - (-9 - -17 - 3627)?
6
Let x be (20/15 + -1)/((-1)/(-165)). Let n be (x/33)/((-3)/27). What is the hundreds digit of (-6)/n*(405 + 0 - 0)?
1
Let a = -179 - -113. Let h = a - -71. What is the units digit of -2 + 0/h - -38?
6
Let l = 99 + -108. Suppose -215 + 1043 = 6*k. What is the tens digit of (k/4)/(l/(-48))?
8
Suppose 28*o - 684792 = 98620. What is the ten thousands digit of o?
2
Let g = 20060 - 5844. What is the units digit of g?
6
Suppose -8*m = -12*m - 48. Let o be -22*4/32*m. Suppose -d - t = -12, -o = d - 5*d - t. What is the units digit of d?
7
Let u be (-8 - 2)/(-7 + 5). Suppose -u*z + w + 37 + 47 = 0, 81 = 5*z - 4*w. What is the tens digit of 3213/z - 4*(1 - 0)?
8
Let r(k) = 3*k**3 - 19*k**2 + 78*k + 130. What is the hundreds digit of r(15)?
1
Suppose 3*t = -4*g - 1264, 14*t = 17*t - 3*g + 1299. Let s = -234 - t. What is the units digit of s?
4
What is the tens digit of (32726 - (63/(-7) + 10)) + -8?
1
Let r(c) = 108*c**2 + 6*c + 6. Let v be r(-5). Suppose -1374 - v = -5*u. What is the units digit of u?
0
Let a = -337 - -202. Let i = a + 187. What is the tens digit of i?
5
Suppose 0 = 10*w - 121 + 441. What is the units digit of (1136/w)/((-1)/18)?
9
Suppose t = 6*t + 10, -4*i - 3*t + 19878 = 0. Suppose -29*o = 389 - i. What is the units digit of o?
8
Let i = -5497 + 14126. What is the tens digit of i?
2
Suppose -3*s + x = -2*s - 3, -4*s - 5*x = 33. Let c be (143 - -1) + s/4*-2. Let k = -64 + c. What is the tens digit of k?
8
Suppose 2*k - 18560 = -4*x - 6782, -11786 = -4*x + 6*k. What is the thousands digit of x?
2
Let a = -56 - -64. Suppose 0 = 4*h - 4*z + a*z - 948, 5*h + 2*z - 1185 = 0. What is the tens digit of (4/(-6) - -1)*h?
7
Let p = 27831 + -18608. What is the tens digit of p?
2
Suppose -23*w + 15*w = 600. Let h = 184 - 34. Let q = w + h. What is the tens digit of q?
7
Let y(f) = 13*f**2 - 14. Suppose 3*q + 1 = -4*x + 5, -2*q + 5*x = -18. Let i be y(q). What is the units digit of -4 + (1 - (8 + -4)) + i?
7
Suppose 0 = -2*y + 5*y - 3*c - 12, -y = -2*c - 6. What is the tens digit of -5*-94*y/20?
4
Let x(h) = 1 + 4*h - 4*h - h + 9. Let o be x(11). What is the units digit of (2/o + 3)/(2/218)?
9
What is the units digit of (-726)/((-19)/((-836)/(-6)))?
4
Suppose h - j = 25765, -158*j + 156*j = h - 25774. What is the hundreds digit of h?
7
Let w(l) = -528*l - 2492. What is the units digit of w(-98)?
2
Let b(o) = 9 + 0*o + 2*o - 1. Let d be b(-3). Suppose -p + 183 = p - m, 4*p = -d*m + 362. What is the units digit of p?
1
Let q(b) = b**2 - 7*b + 8. Let t be q(5). Let d be t/(-1 + 2/4). Suppose d*s + 99 = 275. What is the units digit of s?
4
Let m be (-1565)/(-35) + (-2)/(-7). What is the hundreds digit of (-2 + 1)*-5*8253/m?
9
Let o = -1246 + 2192. Suppose 5*j = -10, -5*j - o = -5*q + 3214. What is the units digit of q?
0
Let x(a) = 3*a**2 - 70*a + 1596. What is the hundreds digit of x(59)?
9
Let j = 266 - 274. What is the units digit of ((-4384)/(-20))/(j/(-20))?
8
Let r(k) be the second derivative of 17*k**5/20 - k**4/6 + k**3/6 - 2*k**2 + 25*k. Let y be r(2). Let t = y + 140. What is the tens digit of t?
6
Let a = 16 - 13. Suppose 0 = 3*p - a*r + 102, -4*p + 8 = 2*r + 156. Let g = 72 + p. What is the units digit of g?
6
Let l be (-2)/(-9) + (-2)/9. Suppose l = -5*q - t - 31, 6 - 2 = -q + 2*t. What is the tens digit of ((80/(-6))/5)/(q/63)?
2
Let z be 78/(-4)*938/(-21)*6. Suppose 5*w - z = -10*d + 13*d, -2*w + 4*d = -2096. What is the thousands digit of w?
1
Suppose -x + 3*t + 2*t - 25 = 0, -5*t + 85 = -4*x. Let k(